, 6983
List the prime factors of 12383078.
2, 6191539
List the prime factors of 6712743.
3, 2237581
List the prime factors of 2094813.
3, 7, 41, 811
List the prime factors of 2287017.
3, 59, 73
List the prime factors of 15703911.
3, 353, 4943
What are the prime factors of 280620?
2, 3, 5, 1559
What are the prime factors of 8090917?
23, 351779
List the prime factors of 3871800.
2, 3, 5, 239
List the prime factors of 19504896.
2, 3, 109, 233
What are the prime factors of 3501827?
7, 59, 61, 139
What are the prime factors of 2924780?
2, 5, 146239
What are the prime factors of 154069?
43, 3583
List the prime factors of 2435021.
19, 128159
What are the prime factors of 3377618?
2, 1688809
List the prime factors of 55467.
3, 6163
What are the prime factors of 647237?
47, 293
What are the prime factors of 7941317?
79, 100523
What are the prime factors of 3267243?
3, 7, 59, 293
List the prime factors of 19518184.
2, 7, 71, 4909
What are the prime factors of 89675?
5, 17, 211
List the prime factors of 98916.
2, 3, 8243
List the prime factors of 7352069.
19, 47, 8233
List the prime factors of 491455.
5, 227, 433
List the prime factors of 18722949.
3, 7, 67, 1901
List the prime factors of 6569465.
5, 7, 187699
List the prime factors of 5536949.
11, 503359
What are the prime factors of 483150?
2, 3, 5, 3221
What are the prime factors of 425814?
2, 3, 70969
List the prime factors of 76924.
2, 19231
List the prime factors of 6785.
5, 23, 59
What are the prime factors of 1179544?
2, 283, 521
List the prime factors of 14401156.
2, 7, 11, 46757
What are the prime factors of 1143742?
2, 571871
What are the prime factors of 4090850?
2, 5, 81817
What are the prime factors of 61483?
61483
What are the prime factors of 1181296?
2, 17, 43, 101
List the prime factors of 829512.
2, 3, 41, 281
What are the prime factors of 529419?
3, 11, 61, 263
List the prime factors of 12719606.
2, 6359803
List the prime factors of 101572.
2, 67, 379
List the prime factors of 5090462.
2, 13, 195787
What are the prime factors of 981642?
2, 3, 47, 59
What are the prime factors of 255337?
37, 67, 103
List the prime factors of 920054.
2, 29, 547
List the prime factors of 1500.
2, 3, 5
List the prime factors of 387755.
5, 77551
What are the prime factors of 73352?
2, 53, 173
What are the prime factors of 47335?
5, 9467
List the prime factors of 22187594.
2, 11, 13, 23, 3373
List the prime factors of 633976.
2, 7, 11321
What are the prime factors of 7936299?
3, 7, 13997
List the prime factors of 146086.
2, 73043
What are the prime factors of 101465?
5, 7, 13, 223
What are the prime factors of 491756?
2, 122939
List the prime factors of 3148533.
3, 349837
List the prime factors of 1957882.
2, 661, 1481
List the prime factors of 1848840.
2, 3, 5, 7, 31, 71
List the prime factors of 284952.
2, 3, 31, 383
List the prime factors of 435966.
2, 3, 72661
List the prime factors of 4931552.
2, 154111
List the prime factors of 1011450.
2, 3, 5, 11, 613
List the prime factors of 785758.
2, 392879
List the prime factors of 122216.
2, 15277
What are the prime factors of 108689?
7, 15527
What are the prime factors of 9097376?
2, 284293
What are the prime factors of 1418350?
2, 5, 19, 1493
What are the prime factors of 25164229?
25164229
List the prime factors of 10209136.
2, 7, 91153
List the prime factors of 250189.
17, 14717
List the prime factors of 33236510.
2, 5, 19, 174929
What are the prime factors of 291955?
5, 58391
What are the prime factors of 1625700?
2, 3, 5, 5419
What are the prime factors of 5872778?
2, 2936389
List the prime factors of 448941.
3, 263, 569
List the prime factors of 1082951.
17, 63703
What are the prime factors of 6467678?
2, 7, 461977
What are the prime factors of 10551266?
2, 11, 211, 2273
What are the prime factors of 680268?
2, 3, 83, 683
What are the prime factors of 164020?
2, 5, 59, 139
List the prime factors of 1231185.
3, 5, 211, 389
What are the prime factors of 1061467?
11, 96497
List the prime factors of 515800.
2, 5, 2579
What are the prime factors of 419251?
7, 101, 593
List the prime factors of 784105.
5, 7, 43, 521
List the prime factors of 23472761.
13, 1805597
List the prime factors of 206933.
206933
List the prime factors of 55382.
2, 27691
What are the prime factors of 998378?
2, 499189
List the prime factors of 160874.
2, 7, 11491
What are the prime factors of 7361914?
2, 7, 691, 761
List the prime factors of 16118533.
17, 948149
List the prime factors of 1139284.
2, 271, 1051
What are the prime factors of 12642236?
2, 3160559
What are the prime factors of 387385?
5, 77477
List the prime factors of 6455765.
5, 1291153
List the prime factors of 1081120.
2, 5, 29, 233
What are the prime factors of 3011251?
3011251
What are the prime factors of 46171?
46171
What are the prime factors of 232732?
2, 83, 701
List the prime factors of 3295247.
577, 5711
List the prime factors of 697414.
2, 19, 18353
What are the prime factors of 751736?
2, 93967
What are the prime factors of 703324?
2, 17, 10343
What are the prime factors of 441044?
2, 110261
List the prime factors of 258829.
47, 5507
List the prime factors of 2053987.
13, 157999
List the prime factors of 59247.
3, 29, 227
List the prime factors of 658047.
3, 13, 47, 359
List the prime factors of 2245148.
2, 167, 3361
What are the prime factors of 1014010?
2, 5, 31, 3271
List the prime factors of 1097217.
3, 11, 11083
List the prime factors of 93294.
2, 3, 71, 73
List the prime factors of 652722.
2, 3, 7, 15541
What are the prime factors of 1924584?
2, 3, 80191
List the prime factors of 267433.
267433
What are the prime factors of 14393868?
2, 3, 19, 63131
List the prime factors of 9006308.
2, 257, 8761
List the prime factors of 473873.
53, 8941
What are the prime factors of 5143187?
7, 43, 2441
List the prime factors of 382096.
2, 11, 13, 167
What are the prime factors of 98646?
2, 3, 41, 401
What are the prime factors of 253366?
2, 126683
List the prime factors of 6348547.
139, 45673
List the prime factors of 11783434.
2, 13, 453209
List the prime factors of 1167198.
2, 3, 47, 4139
List the prime factors of 2618052.
2, 3, 218171
What are the prime factors of 13841168?
2, 11, 78643
What are the prime factors of 308525?
5, 7, 41, 43
List the prime factors of 226996.
2, 7, 11, 67
List the prime factors of 15981289.
1291, 12379
What are the prime factors of 30083648?
2, 7, 53, 181
What are the prime factors of 9632?
2, 7, 43
What are the prime factors of 398063?
398063
List the prime factors of 11062363.
13, 850951
List the prime factors of 2975647.
19, 199, 787
List the prime factors of 700761.
3, 109, 2143
What are the prime factors of 2079918?
2, 3, 37, 347
What are the prime factors of 4432310?
2, 5, 443231
List the prime factors of 405027.
3, 7, 2143
List the prime factors of 1978957.
73, 27109
List the prime factors of 614991.
3, 13, 1213
What are the prime factors of 472955?
5, 7, 13513
List the prime factors of 52394.
2, 17, 23, 67
What are the prime factors of 654132?
2, 3, 19, 151
What are the prime factors of 1341075?
3, 5, 17881
What are the prime factors of 8770773?
3, 11, 265781
List the prime factors of 17115425.
5, 684617
List the prime factors of 9433238.
2, 31, 233, 653
List the prime factors of 7584799.
7584799
List the prime factors of 1762632.
2, 3, 24481
What are the prime factors of 187607?
7, 26801
List the prime factors of 1153435.
5, 197, 1171
What are the prime factors of 194875?
5, 1559
List the prime factors of 364514.
2, 17, 71, 151
What are the prime factors of 972662?
2, 486331
List the prime factors of 122430.
2, 3, 5, 7, 11, 53
What are the prime factors of 714741?
3, 238247
List the prime factors of 20472914.
2, 7, 11, 37, 3593
List the prime factors of 265933.
101, 2633
List the prime factors of 23141.
73, 317
List the prime factors of 3063619.
13, 235663
What are the prime factors of 4811861?
4811861
List the prime factors of 69497.
69497
What are the prime factors of 330817?
37, 8941
What are the prime factors of 41605?
5, 53, 157
What are the prime factors of 10020816?
2, 3, 13, 53, 101
What are the prime factors of 260539?
260539
What are the prime factors of 715642?
2, 179, 1999
What are the prime factors of 650422?
2, 401, 811
List the prime factors of 3774313.
113,